 What is the greatest common factor of l and 4?
4
Let c be (-3 - -1) + 10 + -1. Calculate the highest common divisor of 21 and c.
7
Let z be ((-2)/(-1))/((-4)/(-8)). Suppose n + t + z = 27, -n = -2*t - 17. What is the greatest common factor of n and 7?
7
Let i(o) = o + 4. Let v be i(-11). Let q(u) = u**3 + 7*u**2 + 8. Let p be q(v). Suppose 4*n - 360 = -n. Calculate the highest common divisor of n and p.
8
Let q(w) = w**2 - 11*w + 25. Let t be q(10). Calculate the highest common divisor of t and 6.
3
Let v = 3 - 4. Let y be v + (-61 - -2)*-1. Let n = 94 - y. What is the highest common factor of 4 and n?
4
Let c(l) = -l**2 - 4*l + 1. Let n be c(-3). Let p(x) = x**2 - 2*x + 4. Let o be p(n). What is the greatest common divisor of o and 3?
3
Let y(w) = w**2 - w. Let d(z) = -2*z**2 - 6*z + 2. Let c(g) = d(g) - 2*y(g). Let m be c(-4). Let r = m - -86. Calculate the greatest common factor of r and 16.
8
Suppose -17 = -4*u + 15. Let p(z) = 90*z. Let l be p(-2). Let o be 7/((-14)/l) + -2. What is the greatest common factor of o and u?
8
Let k = 62 - 113. Let w = -27 - k. What is the greatest common divisor of 8 and w?
8
Let j = -27 - -32. What is the highest common divisor of j and 25?
5
Let k(n) = 2*n + 6. Let y be k(7). Calculate the greatest common divisor of y and 80.
20
Let l(w) = -w**3 - 11*w**2 + 2*w. Let a be l(-12). Suppose 5*v + 0*v - a = 0. Calculate the highest common factor of 120 and v.
24
Suppose 0 = -f + 2 + 2. Suppose 0*n = -5*n. Let l be 2 + 4 + (n - 2). Calculate the highest common factor of f and l.
4
Let m = 194 + -122. Let d = -45 + m. Suppose 9*w = 4*w + 90. Calculate the greatest common factor of w and d.
9
Suppose 5*s - k = 12, 6*k = -2*s + k - 6. Calculate the highest common divisor of s and 18.
2
Let g be (3/2)/(((-6)/2)/(-198)). Let r(t) = -t**3 + 4*t**2 + 2*t + 1. Let o be r(4). Calculate the highest common divisor of g and o.
9
Let c = -1 + 4. Suppose o + c*z + 4 = 0, 0 = z - 3*z. Let k(y) = y**2 + 5*y + 6. Let h be k(o). Calculate the highest common factor of 14 and h.
2
Let s = -43 + 101. Suppose 62 = 5*f + 4*y, f = -3*f + y + s. Calculate the highest common factor of f and 14.
14
Suppose -2*x - 71 = -3*w, -5*x + 10*x + 125 = 5*w. Let s = -11 + w. Let i(q) = -9*q + 2. Let f be i(-12). What is the highest common factor of s and f?
10
Suppose 10*i - 5*i = -2*c + 9, -c + 2*i = 0. Suppose -p - t = -c*t - 22, 0 = 2*p - 3*t - 46. What is the highest common factor of p and 50?
10
Suppose -5*a + 0*f + 180 = f, -a = 4*f - 55. Let s be (a/(-21))/((-2)/6). What is the highest common factor of 5 and s?
5
Suppose -7 = -4*u + 29. What is the greatest common divisor of u and 36?
9
Let c(s) = 2*s - 10. Let y be c(10). Suppose -4*v = v - 1050. Suppose 2*z - 70 = -q - 0*z, 3*q = -3*z + v. Calculate the greatest common divisor of q and y.
10
Suppose -4*k = r - 477, -3*r + 351 = 3*k - 0*r. What is the greatest common factor of 15 and k?
15
Let k = -8 + 1. Let i = k + 9. What is the greatest common divisor of 3 and i?
1
Let p be (0 + 1*8)/(10/15). Calculate the highest common divisor of 84 and p.
12
Let r = -38 - -118. Calculate the greatest common divisor of r and 32.
16
Let h(r) = 5*r**2 + 2*r + 1. Let v be h(-1). Let c = -3 + 7. Let s be (-10)/v*c/(-1). Calculate the highest common factor of 90 and s.
10
Let r(t) = t**2 - 7*t - 8. Let g be r(-3). Let y = 0 - -11. What is the highest common divisor of y and g?
11
Let f = 13 - 8. Let l be (f/(-3))/((-3)/18). Let g = l + 7. Calculate the greatest common divisor of g and 153.
17
Let u(r) = -r**3 - 14*r**2 + 14*r - 13. Let p be u(-15). What is the highest common divisor of 16 and p?
2
Suppose 0 = 4*n - 2*o - 22, -2*n - 2*n - o = -31. Let v = 188 + -90. Suppose 3*h - v = h. Calculate the greatest common divisor of n and h.
7
Suppose 3*y - 69 = -3*w, -w - 1 + 4 = 5*y. Calculate the highest common factor of 8 and w.
4
Let x(n) = -4*n - 3. Let g be x(3). Let t be (-1)/(-5) - 117/g. Calculate the greatest common factor of 2 and t.
2
Suppose -2*o + 25 = -5*g, 2*g = -5*o + g + 130. Suppose -1375 = -5*l - 2*p, -4*l + 410 = 4*p - 690. Calculate the highest common factor of o and l.
25
Let j = 2 - -2. Suppose 0 = 5*v - 5, r - j*r + 169 = v. Suppose 3 + 18 = 3*i. What is the highest common factor of r and i?
7
Let k = -49 - -71. What is the highest common divisor of k and 33?
11
Let c(y) = 11*y + 1. Let i be c(5). Suppose -2*b = -3*p - 14, -7 = -b - 3*p - 0. What is the highest common factor of b and i?
7
Let i(j) = -j**2 - 10*j - 5. Let v be i(-9). Suppose 2 = -m - v*h + 4, m - 2 = -5*h. What is the greatest common divisor of m and 3?
1
Let y = -34 - -21. Let m = y + 27. What is the greatest common factor of m and 21?
7
Suppose a + 0*t = -2*t + 1, 5*t + 10 = 0. Suppose 0 = -3*b - a*g + 34 - 4, 4*b + 2*g = 40. What is the greatest common factor of 5 and b?
5
Let w = 5 - -1. Suppose -3*j = -4*j + 66. Calculate the highest common divisor of j and w.
6
Suppose -8*m = -227 - 29. What is the highest common divisor of m and 16?
16
Let d be (-9)/(4/(-13 - 3)). What is the highest common divisor of 54 and d?
18
Suppose -15 = -5*m + 5. Let p be (-10)/(-15)*30/m. Suppose 43 = 2*v - 17. Calculate the greatest common divisor of p and v.
5
Let u(n) = n**2 - 6*n + 3. Let g be u(6). Suppose 3*y - 2 = -y - 5*h, 0 = y - 2*h - 7. What is the greatest common divisor of g and y?
3
Let h be (1 + -3)*(-1 - 0). Calculate the highest common divisor of h and 8.
2
Suppose -4*s + 4*k = -344, -48 = -s - 4*k + 48. Let m = -58 + 69. Calculate the highest common factor of s and m.
11
Suppose -5*d + 22 + 13 = 0. What is the greatest common factor of 35 and d?
7
Let y(x) = 15*x - 6. Let q be y(6). Suppose s = 5*s. Suppose -4*l + s*l = -48. Calculate the highest common factor of q and l.
12
Let r(f) = 17*f**2 - 2*f. Let a be r(-2). Let x(j) = j**3 + 11*j - 4 - 7*j + 7*j**2 - 14*j. Let h be x(-8). What is the highest common factor of h and a?
12
Let b(s) = -s**2 + 12*s + 7. Let u be b(11). Calculate the greatest common divisor of u and 198.
18
Suppose 7*c - 119 + 14 = 0. Calculate the highest common factor of 120 and c.
15
Let b = -44 - -56. What is the highest common divisor of b and 6?
6
Let q be 0 - (-3*5 + 3). Suppose 2*f - 4 = 3*f. Let k be (q/9)/(f/(-6)). Calculate the highest common divisor of k and 8.
2
Let x = 0 - -4. Suppose 0 = c - 5*c + x. Calculate the highest common factor of c and 2.
1
Suppose k + 4 = 3*k. Let a = 2 + k. Let l be 7*(a - (4 - 2)). What is the greatest common factor of 14 and l?
14
Suppose 0 - 2 = -f. Suppose 2*s - 38 = f. What is the greatest common factor of 5 and s?
5
Suppose -3*k - 16 = -2*t, 4*k = -t - 0*k + 19. What is the highest common factor of 55 and t?
11
Let k be (-12)/8*20/(-6). Let v(a) = a + 2. Let n be v(k). Calculate the highest common divisor of 63 and n.
7
Suppose -2*h = -5*h - 15. Let w = h - -7. Suppose 2*q - 104 = -w*q. What is the highest common factor of q and 65?
13
Let f be -5 + 3 - (-5)/1. Suppose 3*k - 590 = -3*j + 2*k, -586 = -f*j - 2*k. Calculate the greatest common divisor of j and 18.
18
Let b = -54 - 100. Let s = -103 - b. Suppose 3*v - 2*v - 4*w - 12 = 0, -3*v - 3*w = -s. What is the highest common factor of v and 64?
16
Let t(c) = 6*c**2 - 4*c + 6. Let u be t(2). Calculate the highest common divisor of u and 22.
22
Suppose -20 = -3*f + f. Let s(u) = -13*u + 2. Let h be s(-1). Calculate the greatest common factor of f and h.
5
Suppose -x + 19 = -21. Let z = x + 5. Let a(l) = -3*l + 3. Let u be a(-4). Calculate the greatest common divisor of u and z.
15
Suppose 3*x = -2*x + 15, 0 = -3*g + 4*x - 6. Calculate the highest common divisor of g and 2.
2
Let b(j) = -j**2 + 4*j + 30. Let o be b(0). What is the highest common divisor of o and 10?
10
Let w be 9/(-4)*112/(-3). Let m = 10 + -7. Suppose -2*k - 3*v = -3*k, -m*k + 3*v + 24 = 0. What is the highest common divisor of k and w?
12
Let q = -81 + 181. Suppose 2*l - 2*x = q, -l + 3*x + 0*x + 46 = 0. Suppose -b + 65 = 4*b. What is the highest common divisor of l and b?
13
Let y be (-6)/(-4)*40/15. Suppose y*h - 54 = o, -27 = -5*h - 2*o + 34. What is the highest common factor of 39 and h?
13
Suppose -3*b - 2*b - 5 = 0. Let g be b*4/((-4)/(-37)). Let p = -17 - g. Calculate the highest common factor of p and 10.
10
Let t be (-65)